er?
True
Is 136012663 a prime number?
True
Is 5614283 prime?
True
Is 7062287 composite?
False
Is 36152209 a prime number?
False
Is 1152707 composite?
False
Is 15084439 prime?
False
Is 25702879 composite?
False
Is 27672323 composite?
True
Is 2173487 composite?
False
Is 162812941 a composite number?
False
Is 143596513 composite?
True
Is 456700067 a prime number?
True
Is 4706477 a composite number?
True
Is 19888837 prime?
True
Is 712409 a composite number?
False
Is 10748617 composite?
True
Is 199004579 a composite number?
True
Is 4842091 a composite number?
False
Is 6843427 a composite number?
False
Is 707887 a composite number?
False
Is 171671 a composite number?
False
Is 1824307 prime?
True
Is 51521819 composite?
True
Is 96953 composite?
False
Is 1313423 prime?
True
Is 10127911 a prime number?
True
Is 435328514 composite?
True
Is 10793689 prime?
True
Is 2900747 prime?
True
Is 14228987 prime?
True
Is 17164453 composite?
False
Is 985659689 a composite number?
True
Is 11707891 a prime number?
False
Is 11145247 composite?
False
Is 3420691 a composite number?
False
Is 217199 composite?
False
Is 8531013 prime?
False
Is 2148491 prime?
True
Is 6135359 composite?
False
Is 169006237 prime?
False
Is 2579567 a composite number?
True
Is 16960921 composite?
True
Is 93770345 composite?
True
Is 9752351 a prime number?
False
Is 125708629 composite?
True
Is 18004013 a prime number?
True
Is 12582049 a composite number?
False
Is 16193549 a composite number?
True
Is 4795877 composite?
True
Is 16983817 composite?
False
Is 24968927 a composite number?
True
Is 63651427 a prime number?
False
Is 21863713 composite?
False
Is 107214014 prime?
False
Is 78833351 prime?
False
Is 6996257 composite?
False
Is 15879527 a composite number?
False
Is 5277029 a prime number?
True
Is 47798291 a prime number?
False
Is 3546079 a composite number?
True
Is 4378123 composite?
False
Is 800461023 prime?
False
Is 67441427 composite?
False
Is 58199 composite?
False
Is 7863523 prime?
False
Is 1486483 a composite number?
True
Is 8182731 composite?
True
Is 88119151 prime?
False
Is 50420243 a composite number?
True
Is 61656247 composite?
True
Is 85522561 a composite number?
False
Is 13669505 a composite number?
True
Is 26451419 composite?
False
Is 3730931 prime?
False
Is 430269617 a composite number?
False
Is 1215587 prime?
True
Is 15695963 prime?
True
Is 64804199 a composite number?
True
Is 14841327 prime?
False
Is 5505427 prime?
True
Is 57372487 composite?
True
Is 2020631 a composite number?
True
Is 2482967 a composite number?
False
Is 11213633 a composite number?
True
Is 155949247 a prime number?
False
Is 47260453 a composite number?
False
Is 5903389 composite?
False
Is 8612801 a composite number?
False
Is 2731277 a prime number?
True
Is 1747909 composite?
True
Is 25737073 a prime number?
True
Is 55552157 a composite number?
False
Is 1962034 composite?
True
Is 54537101 prime?
True
Is 21542855 a prime number?
False
Is 2820547 a prime number?
False
Is 5519743 a composite number?
True
Is 21295 a composite number?
True
Is 191099599 prime?
True
Is 58459543 a composite number?
False
Is 284522071 composite?
False
Is 80466833 prime?
True
Is 470272609 composite?
False
Is 11811187 composite?
False
Is 14072921 composite?
False
Is 1297318835 a composite number?
True
Is 38784119 a prime number?
False
Is 2257201 a prime number?
False
Is 52104889 a composite number?
False
Is 41570807 prime?
False
Is 20237951 prime?
True
Is 10828871 composite?
False
Is 84875903 a prime number?
False
Is 22496447 composite?
False
Is 7917103 a composite number?
True
Is 5012719 a prime number?
True
Is 5655977 a composite number?
True
Is 305247011 a prime number?
False
Is 30528545 composite?
True
Is 104626151 a prime number?
False
Is 10496233 prime?
False
Is 7334489 a prime number?
True
Is 120003319 a prime number?
True
Is 80363449 composite?
True
Is 24196901 a prime number?
True
Is 42118229 composite?
False
Is 78555569 composite?
False
Is 7589471 a prime number?
False
Is 31221893 prime?
False
Is 74417039 a prime number?
False
Is 4916653 composite?
True
Is 69421769 a prime number?
True
Is 25651985 composite?
True
Is 61610543 composite?
False
Is 802387 prime?
True
Is 416681 a composite number?
True
Is 37178597 composite?
True
Is 199509007 a composite number?
False
Is 283654201 composite?
True
Is 27787283 a composite number?
False
Is 25494167 a composite number?
True
Is 25931669 a composite number?
False
Is 1684811 a composite number?
True
Is 7102582 a prime number?
False
Is 1320469 composite?
True
Is 15326867 prime?
False
Is 939089 a composite number?
False
Is 623547263 a composite number?
True
Is 67657391 prime?
False
Is 13747351 a prime number?
False
Is 2539491355 composite?
True
Is 6479717 prime?
False
Is 490519 composite?
False
Is 15019877 a prime number?
True
Is 224758141 a composite number?
True
Is 46989389 a prime number?
False
Is 6810749 prime?
False
Is 146405681 composite?
False
Is 72791291 a composite number?
True
Is 1057867 a prime number?
False
Is 306643 composite?
False
Is 4508771 a composite number?
False
Is 1959449 prime?
False
Is 1927921 a prime number?
False
Is 124617 composite?
True
Is 76052567 composite?
False
Is 9263939 a composite number?
False
Is 77387105 a prime number?
False
Is 581973923 prime?
True
Is 1854149 a prime number?
False
Is 301159103 composite?
True
Is 356728161 a prime number?
False
Is 82776709 a composite number?
True
Is 1734167 a composite number?
False
Is 2495203 a composite number?
False
Is 216388985 a composite number?
True
Is 31350013 composite?
True
Is 161480897 a composite number?
False
Is 145391881 a composite number?
True
Is 54868327 composite?
False
Is 241786367 a prime number?
True
Is 1138019 a composite number?
False
Is 8319907 composite?
True
Is 108413323 a composite number?
False
Is 42133997 a composite number?
False
Is 873017 a composite number?
False
Is 4621 prime?
True
Is 355446583 a prime number?
True
Is 2029633 a prime number?
True
Is 19837679 composite?
False
Is 49443397 prime?
False
Is 3904847 prime?
False
Is 20325751 composite?
True
Is 75689153 a composite number?
True
Is 16908121 composite?
False
Is 191314999 a composite number?
False
Is 43705973 a composite number?
True
Is 9582451 a prime number?
True
Is 72047323 a prime number?
True
Is 24805009 prime?
True
Is 93663571 composite?
False
Is 547301 prime?
True
Is 63835033 composite?
False
Is 187822913 a composite number?
False
Is 98128817 composite?
False
Is 331160957 composite?
True
Is 1062499 composite?
True
Is 3359957 a composite number?
True
Is 412719 a composite number?
True
Is 619688486 a prime number?
False
Is 2702074 prime?
False
Is 20204927 a composite number?
False
Is 2398667 a prime number?
False
Is 4885199 a prime number?
False
Is 7885681 a prime number?
True
Is 431254517 a prime number?
True
Is 29845729 composite?
True
Is 8255119 a prime number?
False
Is 144700597 prime?
True
Is 1791541 prime?
True
Is 9924323 prime?
True
Is 797047 a composite number?
True
Is 138255343 composite?
True
Is 937459 prime?
True
Is 7606133 a prime number?
False
Is 9203227 a composite number?
True
Is 3089117 prime?
True
Is 25000819 a prime number?
True
Is 71411107 composite?
True
Is 3527941 composite?
False
Is 5840599 a prime number?
True
Is 11379529 a prime number?
False
Is 15298463 a composite number?
False
Is 6879367 a composite number?
True
Is 4038157 composite?
True
Is 49621567 a prime number?
False
Is 7056607 composite?
True
Is 2245409 prime?
False
Is 1134389 a prime number?
True
Is 186809947 prime?
True
Is 5499749 prime?
True
Is 2676767 a composite number?
True
Is 47635621 prime?
False
Is 99947143 a prime number?
True
Is 189237637 composite?
False
Is 2423311 a prime number?
False
Is 59219383 a composite number?
False
Is 115843841 a composite number?
False
Is 30082027 prime?
False
Is 7826447 a composite number?
False
Is 65423063 a composite number?
True
Is 1732231 a composite number?
False
Is 79862363 a prime number?
False
Is 11513587 a composite number?
False
Is 18824731 a composite number?
False
Is 4039949 composite?
False
Is 207375631 a prime number?
True
Is 700093293 composite?
True
Is 11090903 a prime number?
False
Is 8589271 a prime number?
False
Is 164053663 composite?
True
Is 2373107 composite?
True
Is 1504181 prime?
